True
Is 1678361 prime?
True
Is 9467 a prime number?
True
Is 4783 composite?
False
Is 71401 a prime number?
False
Is 21727 a composite number?
False
Is 160877 a composite number?
False
Is 4750661 prime?
True
Is 16603 a composite number?
False
Is 3817 prime?
False
Is 6469 a prime number?
True
Is 31585 a prime number?
False
Is 6547 composite?
False
Is 32467 a prime number?
True
Is 1837 prime?
False
Is 435817 a composite number?
False
Is 879721 composite?
False
Is 680923 a prime number?
False
Is 297563 composite?
True
Is 24317 prime?
True
Is 7057 composite?
False
Is 592843 a composite number?
False
Is 43889 prime?
True
Is 32741 prime?
False
Is 2053897 a composite number?
False
Is 279301 composite?
True
Is 70823 a composite number?
False
Is 19349 composite?
True
Is 20663 composite?
False
Is 566617 composite?
False
Is 79 a prime number?
True
Is 12757 composite?
False
Is 107551 a prime number?
False
Is 50233 composite?
True
Is 40277 a prime number?
True
Is 13453 composite?
True
Is 1199749 a composite number?
True
Is 4563491 a composite number?
True
Is 120223 prime?
True
Is 21031 composite?
False
Is 179 composite?
False
Is 4621 prime?
True
Is 147517 prime?
True
Is 2227 a prime number?
False
Is 319117 a prime number?
True
Is 1953517 composite?
False
Is 1565669 a prime number?
False
Is 83453 prime?
False
Is 186629 composite?
False
Is 144083 a prime number?
False
Is 81233 prime?
True
Is 1541 prime?
False
Is 5627 composite?
True
Is 82757 composite?
False
Is 18053 composite?
True
Is 342697 prime?
True
Is 153019 a composite number?
True
Is 44529 prime?
False
Is 396413 a composite number?
False
Is 207429 prime?
False
Is 268195 a composite number?
True
Is 64171 prime?
True
Is 9233 composite?
True
Is 217135 prime?
False
Is 57983 a composite number?
True
Is 7607 composite?
False
Is 79031 a prime number?
True
Is 548987 a composite number?
True
Is 462977 prime?
False
Is 209159 composite?
False
Is 2629 composite?
True
Is 12799 a prime number?
True
Is 669331 composite?
True
Is 39361 prime?
False
Is 1611569 a prime number?
False
Is 61813 prime?
True
Is 575837 a prime number?
True
Is 33727 composite?
True
Is 235591 prime?
True
Is 14489 a composite number?
False
Is 2371 composite?
False
Is 1040909 a composite number?
True
Is 21713 a prime number?
True
Is 648709 composite?
False
Is 3299 prime?
True
Is 23869 prime?
True
Is 152119 prime?
False
Is 406397 a prime number?
True
Is 19835 a prime number?
False
Is 7307 composite?
False
Is 10481 a composite number?
True
Is 90607 a composite number?
True
Is 5557 a composite number?
False
Is 54542 composite?
True
Is 121729 prime?
False
Is 19813 composite?
False
Is 1022303 prime?
True
Is 335 prime?
False
Is 54251 composite?
False
Is 2267 composite?
False
Is 18595 composite?
True
Is 25063 prime?
False
Is 66329 a prime number?
False
Is 7033 prime?
False
Is 1328099 a prime number?
True
Is 373831 a composite number?
True
Is 184865 composite?
True
Is 1220203 a prime number?
True
Is 10643 a composite number?
True
Is 25099 composite?
True
Is 4373 composite?
False
Is 228083 a composite number?
True
Is 139 a prime number?
True
Is 341729 a prime number?
True
Is 8057 a composite number?
True
Is 4691399 a prime number?
False
Is 7529 a prime number?
True
Is 46613 prime?
False
Is 221171 a composite number?
False
Is 19567 a prime number?
False
Is 96839 a prime number?
False
Is 234053 a prime number?
False
Is 2729 a composite number?
False
Is 199097 composite?
True
Is 110521 composite?
True
Is 3245057 a prime number?
True
Is 1082789 a prime number?
False
Is 94199 prime?
False
Is 62071 composite?
False
Is 958667 a composite number?
False
Is 35051 composite?
False
Is 291689 a composite number?
False
Is 142469 a composite number?
False
Is 1513 composite?
True
Is 5815 composite?
True
Is 51713 a composite number?
False
Is 40889 prime?
False
Is 13649 a prime number?
True
Is 98443 prime?
True
Is 4259 prime?
True
Is 56467 a composite number?
False
Is 185699 a composite number?
False
Is 176557 a prime number?
True
Is 410599 a composite number?
True
Is 58309 prime?
True
Is 54865 a prime number?
False
Is 76721 a prime number?
False
Is 31259 a composite number?
False
Is 4322 prime?
False
Is 12077 composite?
True
Is 244879 prime?
False
Is 1006959 composite?
True
Is 42043 a composite number?
False
Is 524129 prime?
False
Is 212897 prime?
True
Is 66659 composite?
True
Is 428221 a composite number?
False
Is 86419 prime?
False
Is 4113611 composite?
False
Is 73534 a prime number?
False
Is 647 a composite number?
False
Is 119159 a prime number?
True
Is 7248277 prime?
True
Is 1171 a prime number?
True
Is 4193 a composite number?
True
Is 15493 composite?
False
Is 1457 prime?
False
Is 135799 prime?
True
Is 2473 composite?
False
Is 104459 a composite number?
False
Is 449583 a composite number?
True
Is 89447 a prime number?
False
Is 81311 composite?
True
Is 148569 prime?
False
Is 24571 composite?
False
Is 61949 a composite number?
False
Is 2627737 a prime number?
False
Is 3415 a composite number?
True
Is 9917 a composite number?
True
Is 9977 composite?
True
Is 20299 composite?
True
Is 2731219 a prime number?
False
Is 244954 composite?
True
Is 17827 a prime number?
True
Is 113474 prime?
False
Is 206501 a prime number?
True
Is 71061 a composite number?
True
Is 74177 prime?
True
Is 112787 composite?
False
Is 67055 a composite number?
True
Is 13501 a composite number?
True
Is 247495 composite?
True
Is 6707 composite?
True
Is 337721 a composite number?
False
Is 191206 a prime number?
False
Is 132397 a composite number?
True
Is 9967 a composite number?
False
Is 26161 prime?
True
Is 23113 prime?
False
Is 19199 composite?
True
Is 499045 a prime number?
False
Is 55973 composite?
True
Is 669 a prime number?
False
Is 349309 composite?
True
Is 51131 a composite number?
False
Is 191 prime?
True
Is 314501 a composite number?
True
Is 1043 composite?
True
Is 423451 a prime number?
False
Is 5839 composite?
False
Is 598783 a prime number?
True
Is 7607 prime?
True
Is 2249 a prime number?
False
Is 42871 a prime number?
False
Is 745349 prime?
False
Is 574397 prime?
False
Is 8509 composite?
True
Is 8605 composite?
True
Is 208027 a composite number?
True
Is 65537 a prime number?
True
Is 111029 a composite number?
False
Is 2195339 composite?
False
Is 59387 a composite number?
False
Is 61549 composite?
True
Is 1772729 a prime number?
False
Is 71933 prime?
True
Is 25523 a prime number?
True
Is 34211 a prime number?
True
Is 219017 composite?
False
Is 4621 prime?
True
Is 21419 a prime number?
True
Is 307599 a prime number?
False
Is 479023 prime?
True
Is 773461 a prime number?
False
Is 116719 a composite number?
False
Is 8951 prime?
True
Is 3817 a composite number?
True
Is 1897471 a composite number?
True
Is 55985 a prime number?
False
Is 69518 prime?
False
Is 1289513 a prime number?
True
Is 2119 prime?
False
Is 2179 composite?
False
Is 312023 composite?
False
Is 19859 a prime number?
False
Is 1867 a composite number?
False
Is 20431 a composite number?
False
Is 3386 prime?
False
Is 5219 a prime number?
False
Is 30631 prime?
True
Is 6653 a composite number?
False
Is 67501 composite?
True
Is 3067 a prime number?
True
Is 1136383 prime?
True
Is 62683 a prime number?
True
Is 111659 a composite number?
False
Is 188219 composite?
True
Is 153987 a prime number?
False
Is 209017 composite?
True
Is 12745 composite?
True
Is 535685 a composite number?
True
Is 13553 a prime number?
True
Is 122183 a composite number?
True
Is 113749 prime?
True
Is 55801 composite?
True
Is 43889 a composite number?
False
Is 29077 prime?
True
Is 12479 a prime number?
True
Is 15601 composite?
False
Is 889379 composite?
True
Is 287818 prime?
False
Is 91 prime?
False
Is 227765 composite?
True
Is 1189907 prime?
True
Is 99469 a prime number?
True
Is 267997 a composite number?
True
Is 46571 composite?
True
Is 479 a composite number?
False
Is 2324143 a prime number?
True
Is 29037 a composite number?
True
Is 768877 a prime number?
False
Is 292151 a composite number?
True
Is 556103 a prime number?
True
Is 1543 a prime number?
True
Is 307282 composite?
True
Is 101203 a prime number?
True
Is 6619 a prime number?
True
Is 429211 a prime number?
True
Is 712949 a composite number?
True
Is 243983 prime?
False
Is 118651 composite?
True
Is 26891 a